termine t(16).
-8
Let m(l) = -3*l**3 + 92*l**2 + 14*l + 26. Calculate m(31).
-501
Let o(c) = 2*c**2 - 595*c + 30390. Give o(232).
-2
Let y(v) = -6*v**3 - 1198*v**2 + 398*v - 415. Give y(-200).
-15
Let l(f) = -5*f**3 + 29*f**2 + 10*f - 4. Determine l(6).
20
Let g(y) = 12*y**3 - 7*y**2 + 14*y - 5. Determine g(2).
91
Let n(u) = -4*u**2 + 21*u + 165. Calculate n(11).
-88
Let p(f) = -2*f**3 + 53*f**2 + 31*f - 82. What is p(27)?
26
Let a(m) = -m**3 - 28*m**2 - 249*m - 5136. Determine a(-26).
-14
Let h(a) = -12*a**2 + 110*a - 110. What is h(8)?
2
Let d(u) = 7*u**3 + 5*u**2 + 5*u - 10. Give d(1).
7
Let k(x) = 2*x**3 + 4*x**2 - 10*x - 7. Determine k(-3).
5
Let w(m) = m**2 - 42*m + 179. Calculate w(5).
-6
Let s(n) = 426*n - 39. Give s(2).
813
Let u(f) = -15*f**3 - 179*f**2 - 521*f - 18. Give u(-7).
3
Let o(r) = -39*r**2 - 1402*r + 72. What is o(-36)?
0
Let z(j) = -4*j**3 + 204*j**2 + 429*j - 3. Give z(-2).
-13
Let k(n) = n**3 + 13*n**2 + 10*n + 410. Give k(-14).
74
Let i(z) = z - 30. Determine i(-4).
-34
Let b(d) = -998*d - 2999. Determine b(-3).
-5
Let t(m) = m**2 + 549*m - 3321. Determine t(6).
9
Let x(n) = -n**3 + 10*n**2 + 85*n - 66. Calculate x(-6).
0
Let w(a) = 53*a**2 + 33*a - 67. Determine w(2).
211
Let u(a) = -3*a**3 + 8*a**2 - 3*a. What is u(2)?
2
Let c(u) = -5*u - 21. Determine c(-4).
-1
Let y(j) = 138*j - 16421. Calculate y(119).
1
Let m(x) = -x**3 - 16*x**2 - 6*x - 158. Calculate m(-16).
-62
Let u(v) = v**2 - 126*v - 401. Calculate u(129).
-14
Let k(s) = 5*s**3 - 32*s**2 - 22*s. Determine k(8).
336
Let r(y) = 41*y + 1308. Determine r(-30).
78
Let c(b) = -4*b**2 - 89*b + 4. Give c(-20).
184
Let k(n) = -3*n**2 + 26*n - 42. Determine k(2).
-2
Let y(u) = u**3 - 6*u**2 - 16*u + 48. Calculate y(2).
0
Let u(q) = 23*q - 2. What is u(1)?
21
Let x(q) = q**3 + 38*q**2 - 84*q - 140. Calculate x(-40).
20
Let a(k) = -k**3 - 36*k**2 + 2*k + 170. What is a(-36)?
98
Let j(l) = -14*l**2 + 257*l - 10. Give j(19).
-181
Let a(i) = -i**2 + 471*i + 2. What is a(0)?
2
Let b(x) = -20*x + 123. Give b(8).
-37
Let h(c) = -c**3 + 43*c**2 + 2188*c + 139. Give h(73).
-7
Let j(m) = 3*m**3 + 37*m**2 - 2*m - 7. Give j(-13).
-319
Let g(p) = 182*p + 12369. Determine g(-68).
-7
Let t(m) = m**2 - 44*m - 2768. Determine t(72).
-752
Let w(n) = 4*n**2 + 157*n - 489. Give w(-43).
156
Let i(y) = 257*y - 28263. Give i(110).
7
Let g(p) = -2*p**2 + 10*p + 130. Give g(16).
-222
Let c(l) = 6*l**2 - 2*l - 1. Calculate c(-5).
159
Let i(j) = -j**3 + 27*j**2 - 25*j + 4. Calculate i(26).
30
Let q(x) = 9*x**2 - 14*x - 26. What is q(-2)?
38
Let z(w) = -2*w**2 + 33*w - 168. Calculate z(8).
-32
Let z(l) = 70*l - 31. What is z(1)?
39
Let d(c) = -366*c - 10600. Give d(-29).
14
Let j(y) = -y**3 + 40*y**2 - 30*y + 1078. Calculate j(40).
-122
Let f(q) = 157*q**2 + 14*q + 27. Calculate f(-2).
627
Let u(w) = -6*w - 53. Calculate u(-8).
-5
Let i(r) = -r**2 - 91*r - 344. Give i(-4).
4
Let i(f) = f**3 + 8*f**2 - 12*f - 150. Give i(-7).
-17
Let b(v) = -7*v**2 - 168*v - 15. Calculate b(-24).
-15
Let s(g) = g**3 + 145*g**2 + 2707*g + 135. Calculate s(-123).
12
Let a(m) = 55*m**2 + 323*m + 8. Calculate a(-6).
50
Let a(p) = -p**3 + 72*p**2 - 765*p - 126. Determine a(59).
-8
Let f(r) = -442*r - 1830. Give f(-4).
-62
Let m(t) = 2*t**3 - 3*t**2 - 23*t - 203. Give m(0).
-203
Let b(o) = -61*o + 116. What is b(0)?
116
Let m(h) = -2*h**3 + 9*h**2 + 7*h - 23. What is m(6)?
-89
Let j(c) = 50*c**2 - 297*c - 39. Give j(6).
-21
Let l(f) = -3*f**3 + 11*f**2 + 37*f - 188. Calculate l(5).
-103
Let i(z) = -2*z**2 - 71*z - 155. Determine i(-33).
10
Let m(t) = 22*t + 70. Give m(-4).
-18
Let q(y) = -219*y - 333. Give q(-2).
105
Let f(p) = p**3 - 150*p**2 + 278*p + 38. Give f(2).
2
Let o(y) = -y**2 - 14*y + 6. Calculate o(-13).
19
Let v(d) = -5*d**2 - 552*d + 325. Give v(-111).
-8
Let k(j) = j**2 + 1567*j + 14019. What is k(-9)?
-3
Let i(z) = 1988*z + 89461. Calculate i(-45).
1
Let s(q) = 53*q + 241. Calculate s(-5).
-24
Let c(u) = 4*u**2 - 4*u - 29. Give c(4).
19
Let t(n) = 8*n**2 + 2*n - 535. What is t(6)?
-235
Let q(i) = 191*i + 1504. Give q(-8).
-24
Let t(m) = 2*m**3 - 36*m**2 - 661*m + 11903. What is t(18)?
5
Let c(o) = 383*o + 2650. Give c(-7).
-31
Let p(t) = t**3 - 46*t**2 + 47*t - 59. Give p(45).
31
Let q(o) = -o**2 - 95*o - 358. Give q(-4).
6
Let x(p) = 9*p**2 + 782*p + 1437. Determine x(-85).
-8
Let o(c) = 12*c**2 - 5*c - 108. Calculate o(-7).
515
Let v(d) = 2*d**2 + 12*d - 140. Determine v(6).
4
Let p(o) = -o**3 - 16*o**2 + 11*o + 410. Give p(-15).
20
Let r(w) = 54*w - 10314. What is r(191)?
0
Let w(r) = 9*r - 48. Calculate w(-6).
-102
Let r(c) = 13*c**2 + 90*c - 58. Determine r(-9).
185
Let t(f) = -2*f**3 - 4*f**2 + 18*f + 17. What is t(-4)?
9
Let g(s) = -582*s - 325. What is g(1)?
-907
Let h(l) = 2*l**2 + 29*l + 50. Calculate h(-17).
135
Let n(k) = -5*k**2 + 397*k + 655. Give n(81).
7
Let q(m) = -6*m**2 - 1364*m - 3158. Determine q(-225).
-8
Let d(p) = 1626*p + 40661. Determine d(-25).
11
Let d(v) = 130*v**3 - v**2 - 1. Calculate d(1).
128
Let d(z) = -16*z**2 + 125*z + 18. What is d(9)?
-153
Let j(y) = 9*y**2 - 12*y - 34. Give j(-3).
83
Let n(c) = -c**3 - 20*c**2 + 41*c - 18. Give n(-22).
48
Let d(r) = 2*r**2 + 16*r + 9. What is d(-8)?
9
Let k(g) = -g**2 + 519*g + 12424. Determine k(-23).
-42
Let r(g) = -3*g**2 + 56*g + 61. Calculate r(20).
-19
Let w(y) = 12*y**2 + 500*y - 155. What is w(-42)?
13
Let r(c) = 4*c**2 - 50*c + 12. Calculate r(12).
-12
Let l(t) = -t**2 - 1132*t - 4519. Determine l(-4).
-7
Let w(c) = -51*c + 2094. What is w(41)?
3
Let o(a) = -a**3 + a**2 + 110*a - 30. What is o(-10)?
-30
Let b(l) = -2*l**2 + 9*l + 387. Give b(-12).
-9
Let i(j) = 291*j**2 - 2625*j + 46. What is i(9)?
-8
Let l(f) = 524*f**2 - 6818*f + 43. What is l(13)?
-35
Let r(k) = -k**3 - 24*k**2 - 77*k - 1243. Give r(-23).
-1
Let k(f) = 3*f**2 - 5. Calculate k(-5).
70
Let c(a) = -305*a - 2554. Give c(-8).
-114
Let j(k) = k**2 - 1998*k + 27778. What is j(14)?
2
Let r(y) = y**3 - 40*y**2 - 43*y - 7. Give r(41).
-89
Let c(b) = -204*b - 42. Determine c(-1).
162
Let x(i) = 158*i - 4566. Give x(29).
16
Let j(z) = -z**2 + 39*z - 24. Calculate j(31).
224
Let d(i) = 2*i**3 + 13*i**2 + 17*i - 4. Give d(-4).
8
Let d(f) = -96*f + 1430. Determine d(21).
-586
Let r(b) = 7*b**3 - 92*b**2 + 19*b - 79. Give r(13).
-1
Let b(j) = j**3 - 236*j**2 - 964*j + 959. What is b(240)?
-1
Let n(s) = s**3 - 34*s**2 + 260*s + 113. Give n(12).
65
Let s(z) = -67*z + 68. Calculate s(1).
1
Let p(n) = n**3 - 13*n**2 - 32*n - 15. Give p(15).
-45
Let w(a) = a**2 + a - 228. Give w(14).
-18
Let d(u) = -u**3 + 20*u**2 + 151*u - 32. Give d(-6).
-2
Let l(s) = -148*s**2 - 268*s + 52. Determine l(-2).
-4
Let t(k) = 7*k**2 + 85*k + 201. Give t(-9).
3
Let x(m) = 24*m**2 + 4*m + 2. Determine x(-5).
582
Let d(n) = 231*n + 560. Calculate d(-3).
-133
Let o(j) = -2345*j + 11727. Give o(5).
2
Let q(a) = a**3 + 37*a**2 - 268*a + 53. Give q(6).
-7
Let a(k) = k**2 + 41*k + 85. Calculate a(-32).
-203
Let c(y) = y**3 + 11*y**2 - 2. What is c(-11)?
-2
Let v(u) = u**2 + 20*u + 335. Give v(-18).
299
Let k(s) = -29*s - 109. Give k(-5).
36
Let t(j) = 18*j - 124. What is t(13)?
110
Let h(k) = 5*k**3 - 232*k**2 - 138*k - 144. What is h(47)?
-3
Let g(w) = 30*w**3 - 3*w**2 + 48*w + 51. Give g(-1).
-30
Let c(b) = -90*b - 1175. Give c(-13).
-5
Let m(v) = 4*v**2 + 107*v + 109. Calculate m(-1).
6
Let s(c) = -c**3 - 5*c**2 + 8*c + 7. Determine s(4).
-105
Let n(l) = 2*l**3 - 96*l**2 - 64*l - 1671. Determine n(49).
-5
Let x(n) = -3*n**2 + 189*n + 1030. What is x(-5)?
10
Let s(j) = -j**2 + 18*j - 25. Determine s(8).
55
Let f(u) = -u**3 - 19*u**2 + 42*u + 66. Give f(-21).
66
Let k(z) = -172*z**3 - 4*z**2 - 16*z - 12. Calculate k(-1).
172
Let a(q) = -q**2 - 19*q + 72. Determine a(-21).
30
Let p(s) = -38*s + 304. Calculate p(8).
0
Let u(t) = -3559*t - 14254. Determine u(-4).
-18
Let w(z) = 5*z**3 + 25*z**2 - 39*z - 44. Give w(-6).
10
Let g(c) = 9*c - 5. Determine g(-1).
-14
Let u(k) = k**3 + 9*k**2 - 24*k + 7. Calculate u(-12).
-137
Let z(w) = 2*w**2 - 2*w - 52. Give z(6).
8
Let z(m) = -m**2 - 10*m + 5. Determine z(-9).
14
Let d(n) = -8*n**3 + 6*n**2 + 29*n - 32. Determine d(1).
-5
Let o(l) = -l**3 + 16*l**2 - 14*l - 25. Determine o(15).
-10
Let y(h) = 136*h - 482. What is y(4)?
62
Let o(b) = 22816*b - 136900